ided by 19?
15
Let w(a) = a**2 + 8*a - 7. Let b be ((-252)/21)/((-1)/1). Suppose -b + 1689 = 43*c. What is the remainder when w(6) is divided by c?
38
Let k = -14793 - -14826. Let w be (1/(-1))/(1/23). Let o = k + w. Calculate the remainder when 15 is divided by o.
5
Suppose 3*t = -t + 164. Suppose 98 = 4*x - 2*o, 5*o = 3*x - 7*x + 77. Let f(r) = -11*r + 274. Calculate the remainder when t is divided by f(x).
20
Let k = 5394 - 4478. Calculate the remainder when k is divided by 249.
169
Let f(d) = 5*d - 28. Let m be f(8). What is the remainder when 298 is divided by 303/m + 1/(-4)?
23
What is the remainder when 2 is divided by (4/7)/((2 + (-13)/7)*2)?
0
Suppose -4*f - 348 = -r, -2*f + 1608 = -28*r + 33*r. What is the remainder when r is divided by 89?
57
Let l be (-836)/8*1 - 8/16. Let u = 185 + l. Calculate the remainder when 479 is divided by u.
79
Let b = -208 - -1305. Let i = -1016 + b. Calculate the remainder when 393 is divided by i.
69
Let f = -68 - -240. What is the remainder when f is divided by 30/(-270) + 1588/36?
40
Let c(i) = -i**3 - 7*i**2 + 29*i + 101. Calculate the remainder when 253 is divided by c(-9).
1
Let r(i) = -37*i + 80. Let q be r(11). Let x = q + 348. Calculate the remainder when 76 is divided by x.
13
Suppose -40*v - 28 = -47*v. Suppose -b + 237 = v*r + 49, b + 5*r = 186. What is the remainder when b is divided by 26?
14
Let r(d) = d**3 - 6*d**2 - 15*d. Let g be ((-121)/2)/((-10)/(-20)). Calculate the remainder when g/(-6) + (-15)/90 is divided by r(8).
4
Let k(o) = o**3 + 88*o**2 - 826*o - 80. What is the remainder when k(-96) is divided by 15?
13
Let w(f) = -27*f**3 - 2*f**2 + 1. Let u = -3932 - -4130. Calculate the remainder when u is divided by w(-1).
16
Suppose -6*q = 1391 - 299. Let m be 284 - 1*(1 + -2). Let r = m + q. What is the remainder when r is divided by 13?
12
Suppose -4*d = -2*d - 14. What is the remainder when (2/4 - 190/76)/((-6)/603) is divided by d?
5
Let y be (-1)/(-3*4*1/24). Let o be y + (-17 - -13 - 29*1). Let v = 41 + o. Calculate the remainder when 26 is divided by v.
6
Suppose 4*x = 1452 - 1432, -5*x = p - 205. Calculate the remainder when p is divided by 41.
16
Let i(r) = 8*r**2 + 14*r - 6*r**2 + 40 + 3*r. What is the remainder when 33 is divided by i(-3)?
5
Let y(z) = z**2 + 18*z + 84. Let s be y(-8). Suppose k - 5*c - 68 = 0, -s*c - 13 = -4*k + 211. What is the remainder when k is divided by 9?
8
Suppose -5*t = -n + 15, 0 = -31*n + 35*n + 4*t + 60. Calculate the remainder when 125 - (-2 + 3)*(-6 - n) is divided by 37.
10
Let w(f) = -3*f**3 - 47*f**2 + 2*f + 451. What is the remainder when w(-17) is divided by 175?
173
Let x = 8 - 13. Let z(i) be the first derivative of -11*i**2/2 - 28*i + 1632. Calculate the remainder when 50 is divided by z(x).
23
Let l(g) = -g + 28. Let m be l(18). Suppose -3*z + 27 = 3*p, 0*z - 42 = -3*p + 2*z. What is the remainder when p is divided by (-15)/m*-1*2?
0
Let d(s) = -311*s + 1082. Calculate the remainder when d(-15) is divided by 125.
122
Suppose 0*j - 3*j = -495. Suppose -253*c + 95 = -234*c. Let g(q) = q**2 + 6*q - 13. Calculate the remainder when j is divided by g(c).
39
Suppose -74812 = 152*l - 208420. Calculate the remainder when l is divided by 21.
18
Suppose 10*b = -i + 12*b + 753, -5*i + 3789 = 2*b. Let o = i - 687. Calculate the remainder when o is divided by 20.
10
Let g = 94 - 75. Suppose -8*l - 550 = -g*l. Calculate the remainder when l is divided by 17.
16
Let n(q) = q**3 + 83*q**2 - 384*q + 2. Calculate the remainder when n(5) is divided by 16.
10
Let q = 49 - 34. Suppose -105 = -2*c - 2*v + q, -2*v = -8. What is the remainder when 503 is divided by c?
55
Let j = -10923 + 11028. What is the remainder when j is divided by 26?
1
Let x(w) = 3*w + 1. Let j(f) = -4*f - 87. Let k be j(-26). Let c be x(k). What is the remainder when (69/92)/(1/c - 0) is divided by 7?
4
Let t(w) = -28*w**2 - w - 1. Let b be t(-1). Let n = 1 - b. What is the remainder when (-623)/(-35)*5 - 5 is divided by n?
26
Let a = -203 - -206. Let l(n) = 9*n**2 - 9*n + 7. What is the remainder when l(a) is divided by 23?
15
Suppose 2*f - 609 = -b + 128, -5*b = -f + 363. Let o = -35 + f. Calculate the remainder when o is divided by 16.
13
Let a be (-6)/(-8) - (-1995)/60. Let i = 25 - -30. Let z = i - a. Calculate the remainder when 81 is divided by z.
18
Suppose 42*x - 52 = 41*x. Suppose -197*n + 44 = -193*n. Calculate the remainder when x is divided by n.
8
Suppose -26746 = -72*b + 29*b. What is the remainder when b is divided by 59?
32
Suppose 5840 + 4777 = 205*i + 4057. Let q(m) = m**3 - m**2 + 17. Calculate the remainder when i is divided by q(0).
15
Suppose 0*q + 5*p = -4*q + 55, -2*q + p = -45. Suppose -q*c + 536 + 1804 = 0. Calculate the remainder when c is divided by 32.
21
Let v(c) = 24*c - 128. Let j be v(-6). Let k = j + 289. Calculate the remainder when 45 is divided by k.
11
Let f be (25/(-15))/((-4)/1164 - 0). Let x = -307 + f. What is the remainder when x is divided by 31?
23
Suppose -23*b + 5472 = 53*b. Calculate the remainder when 262 is divided by b.
46
Suppose 28 = 2*y + 4*c, 967*y - 17 = 966*y - 5*c. Calculate the remainder when 273 is divided by y.
9
Suppose -6*h + h = 4*g - 9, -3*g - 12 = 0. Calculate the remainder when 15136/99 - (-770)/693 is divided by h.
4
Let d = -60 - -66. Suppose 3*s + r = 313, -d*s + s + 4*r + 533 = 0. What is the remainder when s is divided by 27?
24
Let n(m) = -52*m + 103. Let o be n(4). Calculate the remainder when 16 is divided by (-92)/(-7) + (330/o - -3).
3
Let p = -3371 + 3378. Calculate the remainder when 2075 is divided by p.
3
Let t(q) = -6*q**2 + 2*q**3 - 3*q**3 + 7 - q**3. Let a be 2/(6/6) - 6. What is the remainder when t(a) is divided by 11?
6
Suppose -5 = -5*x, -4*x = q - 91 - 208. What is the remainder when q is divided by 37?
36
Suppose 0 = -0*f + 11*f - 44. Let i = 42 + -39. Suppose 3*c - 75 = -i*w, -f*w - 5*c + 94 = -3*c. What is the remainder when 83 is divided by w?
17
Suppose 1367 + 838 = -7*w. Let m = -303 - w. Suppose 2*i + 148 = 3*r, 4*r - 194 = -i + 3*i. What is the remainder when r is divided by m?
10
Suppose -132*s + 183861 = 18993. What is the remainder when s is divided by 410?
19
Suppose -2*u + 4*r + 86 = 0, 3*u + 204*r - 184 = 199*r. Suppose -2*b - 274 = -4*b. What is the remainder when b is divided by u?
31
Suppose 29800*d = 29789*d + 13420. Calculate the remainder when d is divided by 17.
13
What is the remainder when 8396 is divided by 2/31 + 2125816/12152?
171
Suppose -63*y = -69*y + 36. Let f(b) = b**3 - 9*b**2 + 28*b - 5. What is the remainder when f(y) is divided by 15?
10
Let i(t) = 27*t + 451. Calculate the remainder when 2153 is divided by i(-11).
151
Let f = -4191 - -4217. What is the remainder when 153 is divided by f?
23
What is the remainder when 226 is divided by 9 - (7 + 413/(-7))?
43
Suppose 0 = -13*y + 15*y - 22. Let h be (-4 - 0) + y/(44/96). Suppose -2*i = 2*r - h, 0*r + 4*r = -5*i + 41. Calculate the remainder when 71 is divided by r.
8
Let q = 527 - 459. What is the remainder when (15/2)/((-2)/(-28)) is divided by (q/7 + -2)/(18/84)?
33
Let k = -36140 - -37776. What is the remainder when k is divided by 22?
8
Let v = -2717 - -2775. Calculate the remainder when 132 is divided by v.
16
Suppose -4*i = -i - 30. What is the remainder when (3*(-235)/(-60)*1)/(1/4) is divided by i?
7
Suppose -5*y - 136 = j - 994, 3*y - 540 = 3*j. Calculate the remainder when 233 is divided by y.
60
Let x = 14342 + -14166. What is the remainder when 493 is divided by x?
141
Suppose -3*i = -p - 30, 2*i - p - 27 = 2*p. Let v = 838 + -1458. What is the remainder when v/(-14) + (-4)/14 is divided by i?
8
Let x be ((-3)/(-3))/(-1) - -92. Let v = 86 - x. Calculate the remainder when 2/(v/(-46)*12/30) is divided by 8.
6
Suppose -10 = 5*u, 27*v - 26*v - 45 = 4*u. Suppose 3*a = -2*d - 0*d + 305, 0 = -2*d - 10. Calculate the remainder when a is divided by v.
31
Let d = 450 - 106. Calculate the remainder when d is divided by 51.
38
Let q be (3*(-228)/54)/((-2)/9). Calculate the remainder when 111 is divided by ((-28)/(-6))/(q/171).
13
Let z = 3 + -3. Suppose -129 = 2*d + 4*a - 127, 0 = d + 3*a + 5. Suppose -n + 4*w - d = z, -2*n = -w - w - 4. Calculate the remainder when 38 is divided by n.
3
Suppose 3*a + 8*o 